e number?
True
Let o(a) = 34*a**2 + 10*a + 15. Is o(34) a composite number?
False
Let j(u) be the first derivative of -5*u**4/2 - 3*u**2 + 3*u - 39. Let l be 5/(1/((-1)/1)). Is j(l) a prime number?
True
Suppose 556*g = 554*g + 19324. Is g a composite number?
True
Suppose -4*k - 3*d + 56387 = 0, 7*d - 73359 + 16984 = -4*k. Is k prime?
False
Suppose s - 37244 = -w - 0*s, 111725 = 3*w - 4*s. Is w prime?
True
Let f = 238 - 139. Let o(r) = -r + 4. Let p be o(0). Suppose -p*i + 4*j = -1152, -i + f + 201 = 3*j. Is i a prime number?
False
Let o(i) = 8859*i**3 - 2*i**2 + 2*i - 2. Suppose 10*y + 8*y - 18 = 0. Is o(y) prime?
False
Let x(g) = 68872*g + 16. Let m be x(5). Suppose 7*q - m = -5*q. Suppose q = 4*p - 9410. Is p composite?
True
Let p = -45 - -44. Let s be 3 - (-3 + p + 2). Suppose 15 = s*v, -2*g + 6332 = -0*g + 2*v. Is g prime?
True
Let k = 409 + -379. Is (45/k)/(9/65814) a prime number?
False
Suppose -53*l + 3179338 + 5767831 = 24*l. Is l composite?
True
Let i(x) = x**2 + 12*x - 14. Let b be i(-13). Let k be b*(0/(-2) - (1 - -1344)). Suppose 0 = 5*y + 5*f - k, 2*y + 0*f + 5*f = 550. Is y a composite number?
True
Suppose -10*y + 16 + 44 = 0. Let q(m) = -13 + 2 - 15*m**2 - 10*m**3 - y*m - 1. Is q(-11) prime?
True
Suppose 3*a + 2*s - 6276 = 0, -s - 11545 = -4*a - 3188. Let q = a - -2819. Is q a prime number?
True
Let b be (-5)/(165/(-6)) + 180/99. Suppose 2*r + 3*g - 3 = -b, -2*g = 5*r - 19. Suppose -2*u + 3359 = r*d, 0 = 2*d - 3*u - 68 - 1287. Is d a prime number?
True
Let z(d) = d + 1. Let t(m) be the first derivative of -12*m**2 - 15*m - 1. Let v(g) = t(g) + 4*z(g). Is v(-9) prime?
False
Suppose 10*y + 12800 = k + 7*y, 2*k = -2*y + 25592. Is k prime?
False
Let r = 7835 + -2276. Suppose -5555 = -2*g + 2*k - 5*k, -2*g + k + r = 0. Is g composite?
True
Let h be (20/(-8) - -2)*(-11 - -3). Let k(o) = 72*o**3 + o**2 - 3. Is k(h) prime?
True
Is (76/(-28) - -6) + -3 - (-187941)/7 composite?
False
Suppose 10 + 5 = -5*t. Let f be (2/(-4))/(t/18). Suppose p + 3*z + 2786 = 3*p, 5*p - 7007 = -f*z. Is p a prime number?
True
Let w = -275 + 282. Suppose -w*t = -44979 + 10700. Is t composite?
True
Suppose 0 = 4*v + 5*d - 66, v = d + 2 + 10. Suppose 7 = 7*q - v. Is 2548/21 - (-2)/q prime?
False
Let d = 1287705 + -726038. Is d a prime number?
True
Let p be (-8569)/(-1463) - (-2)/14*1. Is (890/30 - p)*(-2 + 791) a prime number?
False
Let k = 215 - 219. Is -30*(-325)/5 + (-5 - k) composite?
False
Let m(k) = k**2 + 14*k - 17. Let a be m(-16). Suppose a = -w - 2*w, -2*l + 10053 = 5*w. Is l a prime number?
True
Let s be 11 - 35/3 - (-124)/(-3). Is (-42907)/(-6) + s/252 a composite number?
False
Let t(n) = -70*n**3 - 3*n**2 - 348*n - 2105. Is t(-6) composite?
True
Suppose -3*i + 27 + 15 = 0. Suppose 0 = -3*d - 4*c + i, -8*c = 3*d - 7*c - 26. Suppose 2930 = -0*o + d*o. Is o prime?
True
Suppose p - 6775 = -4*k, 7*k - 11*k = 3*p - 6781. Is k composite?
False
Let y = -53 - -65. Let w be y/48 + (-2)/((-8)/2727). Suppose 0 = -2*l + w + 156. Is l a composite number?
False
Let c be (-3570)/3 + (1 - -1). Suppose -g + 2119 = 7*x - 5*x, -4*g + 8512 = -4*x. Let u = c + g. Is u a composite number?
False
Let w(p) = 103*p**2 - 4*p + 7. Let r be w(3). Suppose -s + r = -93. Suppose 8*d - 3*d = s. Is d a prime number?
False
Let a(f) = 13*f**2 - 492*f + 441. Is a(101) a prime number?
False
Let i = -4 - 13. Let p be (-1)/2*(i + -3257). Suppose 51*d = 52*d - p. Is d prime?
True
Let h be (7 - 5)/(4/626). Suppose -3*b + h = -8186. Is b a composite number?
False
Let a be (5/2)/((-10)/4 - -3). Suppose 36 = 2*n - 2*c, -2*n - 54 = -5*n - a*c. Suppose n = -t + 719. Is t prime?
True
Let w = 390387 + -215326. Is w composite?
False
Suppose -1552 = 2*o - 25278. Let a = o + -8204. Is a a composite number?
False
Let k be 479 - 6/6*-2. Let p(i) = k*i - 475*i - 6*i**3 + 6*i**2 + 1 - 2. Is p(-5) a prime number?
False
Let n be (-13)/(-2) + 2*4/(-16). Let i be (n/(-5))/(-1 - 25878/(-25890)). Suppose -5*u = o - 0*o - 4315, -o = -3*u + i. Is u a prime number?
True
Suppose -2*o + 38 = 3*s - 29, 172 = 5*o + 3*s. Is -5*14/o*9533/(-2) composite?
False
Let x = 674 - -99. Let t = 2449 - x. Suppose -9*h - t = -13*h. Is h a prime number?
True
Let f = 47442 + -22975. Is f composite?
True
Let i(w) = -416*w**3 + 10*w**2 - 44*w - 293. Is i(-8) a composite number?
True
Let y = -11 - 0. Let t be y/(-77) - (1/7 + 0). Suppose -g + 5*i + 1417 = t, 3*g - 4183 = i - 3*i. Is g composite?
True
Let x(p) = 128*p**2 - 159*p - 87. Is x(-50) a prime number?
False
Suppose -5*h = 10, -2*h = -4*k + k + 133462. Suppose -3*q + c = -38686, 0 = 3*q + 4*c + 5805 - k. Is q prime?
False
Let p = 23413 - -9220. Is p composite?
False
Let h = 634178 - 385197. Is h prime?
True
Let d(f) = 5*f**2 + 152*f + 4248. Is d(-71) prime?
True
Let o(r) = -24*r - 5. Let n be o(-1). Let u = -9 + 15. Let w = n - u. Is w composite?
False
Suppose 12*l = 15*l - 189192. Suppose -24*y + l = 23488. Is y composite?
True
Let n(t) = -4539*t - 2537. Is n(-54) composite?
True
Let i(o) = 121*o**3 - 9*o**2 + 83*o - 17. Is i(5) a composite number?
True
Let d(u) = -29865*u + 662. Is d(-3) composite?
True
Suppose -h - 246401 = -2*k, h - 2 = 3. Is k a prime number?
True
Let z(f) = -1753*f**3 + 2*f + 2. Is z(-3) prime?
False
Let x(v) = -2*v**3 - 17*v**2 - 6*v + 38. Let p be x(-8). Is 2*(993/(-3))/((-4)/p) prime?
False
Let r(k) = 118*k**3 + 2*k**2 - 2*k - 24. Let n be r(-3). Let z = n - -6272. Is z a composite number?
True
Suppose 4 = 5*w - 3*g, -5 = -4*w + 2*g - 1. Suppose 5*b + w*b = 68677. Is b a composite number?
False
Let u = 16 - 20. Let h be 0*(2 + u/4). Suppose -5*j = 2*x - 273, h*j + 105 = 2*j + 5*x. Is j composite?
True
Suppose 68237 = 113*u - 112*u + 2*o, 0 = -4*u - 2*o + 272966. Is u composite?
True
Let p(b) = -749*b**2 - 4*b - 13. Let z be p(9). Let d = -42449 - z. Is d a prime number?
True
Let l(i) = -449*i**3 + 2*i**2 - 3*i + 37. Is l(-12) composite?
False
Suppose b = 6*b + l - 28104, -l = 1. Suppose -32*f + 10155 = -b. Is f a composite number?
True
Suppose q - 4 = 6. Suppose -930 = 5*t - q*t. Is t/4 - (-8)/16 composite?
False
Let w = -5 + 8. Let t be (1 + -7)*w/(6/(-1)). Let r(u) = 279*u**2 - 8. Is r(t) prime?
True
Let z be 240/5*(-12)/(-9). Let f = -57 + z. Suppose 0 = f*k - 404 - 709. Is k prime?
False
Let l(j) = -10606*j - 507. Is l(-14) a composite number?
False
Suppose u + 593080 = 5*j, 2*j - 5*u = 272122 - 34890. Suppose 32*b - 448328 - j = 0. Is b a composite number?
True
Suppose 3*x - 4*u = 26, 3*u = -2*u - 10. Suppose d - x = -0. Suppose d*s - 4*s = 254. Is s a composite number?
False
Let i be (4/(-8))/(2/184*-1). Let m = i - 31. Suppose -m*v + 11*v = -436. Is v prime?
True
Let a = 335 - 322. Suppose 4*q - 15589 = -a*q. Is q a composite number?
True
Suppose 0 = 6*u + 4*u - 20850. Let l = u + 734. Is l a composite number?
False
Let g(u) = 16274*u**2 + 50*u + 417. Is g(-8) composite?
False
Let d(f) be the second derivative of 5/2*f**4 - 24*f + 2*f**3 + 11/2*f**2 + 0. Is d(-4) a prime number?
True
Suppose 3*w = 4*z - 1323072, 2*w + 32 - 24 = 0. Suppose -99*m + z = -84*m. Is m prime?
True
Suppose -35*o + 4909661 = -143534. Is o a composite number?
True
Suppose -120 = 2*v - 14*v. Suppose m = -2*b + 28214, -5*b - 70535 = -v*b - 3*m. Is b a composite number?
False
Is -93 - -95139 - (-34)/2 composite?
False
Suppose 8*d - 4*d - 16388 = 0. Suppose -2*w + d = 3*g - 2*g, 0 = -w + 3. Is g prime?
True
Let g = -59 - -61. Is -1 + 4 + (2332 - g) prime?
True
Suppose -50 = 8*g - 58. Is (g - 0)/(10/69770) composite?
False
Suppose b = -3*d + 61709, -d - 28 = -4*b - 20589. Is d composite?
True
Let q(i) = -3*i**3 + 9*i**2 - 4*i + 12. Let d(f) = 4*f**2 - 13 - f**3 + 3*f - 5*f + 19. Let g(b) = 5*d(b) - 3*q(b). Is g(5) prime?
False
Let b = -106061 + 215414. Is b composite?
True
Let r = 121694 - 79413. Is r a composite number?
False
Suppose 19*q - 28 = 12*q. Suppose q*w - 7268 = -4*j, -j + 3*w + 1444 = -393. Is j composite?
True
Let y be (18/8)/(9/(-24)) + 2. Is ((-10908)/y)/3 - (-4)/(-2) a composite number?
False
Let q = -2458 + -1498. Let f = -2319 - q. Is f prime?
True
Is 99/55 - (-8549072)/35 prime?
True
Let z(o) = -2*o**3 - 4*o**2 - 32*o + 13. Is z(-19) a prime number?
False
Let n be 7/42 - 75/18. Is (-32)/4 + (22175 - n) composite?
False
Suppose -3*w = -7*w - 12, 1129455 =